5 = 1590. What is the tens digit of t?
4
What is the hundreds digit of 24/(-60)*25 - -15807?
7
Suppose 0*o + o = 13. Suppose -50*k + 138 = -4*k. Suppose k*m - 461 = o. What is the tens digit of m?
5
What is the hundreds digit of 8/20 + (-10761302)/(-370)?
0
What is the units digit of ((-1)/2)/((-128)/1043712)?
7
Let h be 0/(4/5 + (-5)/(-25)). Suppose h = -3*c - 2*c + 15. Suppose -2*y + 5*n + 95 = -y, 2*y = -c*n + 177. What is the units digit of y?
0
Let z be (3 - 14115)/(-3) + 3/1. What is the tens digit of (-3)/((-54)/z)*(-1 - -3)?
2
Suppose 219*z + 488240 = 239*z. What is the ten thousands digit of z?
2
Let w be (513/(-54))/(-1 - 115/(-114)). Let u = 1554 + w. What is the hundreds digit of u?
4
What is the units digit of 0 + 3 + -1 - 207408/(-29)?
4
Suppose -124*d + 134*d - 16400 = 0. Suppose 0 = 28*h - 24*h - d. What is the units digit of h?
0
Let k be (-37 + 1)/(5 - 78/12). Let n be ((-18)/(-4) - 0)/(3/k). Let o = 145 - n. What is the hundreds digit of o?
1
Let q(z) = 2096*z**2 - 84*z + 177. What is the tens digit of q(2)?
9
Let p = 5675 - -480. Suppose 4*s + 2*r = 6668, -r - p = -3*s - 1159. What is the units digit of s?
6
Let s(c) = 5 - 13*c + 10*c + 5*c**3 - c**2 - 3*c**3 + 3*c**2. What is the hundreds digit of s(5)?
2
Suppose 57 = -7*b + 1. What is the units digit of (84/b)/7*(-354)/1?
1
Suppose 3*t + 4*s + 23 = 0, -37 + 8 = 4*t + 5*s. Let r(l) = 46*l**2 + 27*l + 2. What is the units digit of r(t)?
1
Let p(o) = o**3 - 17*o**2 - 6*o + 18. Let b be p(17). Let q = 420 + b. What is the hundreds digit of q?
3
Let g(r) = -r**2 - 12*r - 36. Let y be g(-11). What is the units digit of (-65)/(-2)*(-6 - 230/y)?
4
Let z(a) = 6*a**3 + 17*a**2 + 4*a - 107. What is the thousands digit of z(11)?
9
Suppose 602367 = 13*y - 3*r, -45*y - 4*r = -41*y - 185388. What is the tens digit of y?
3
Suppose 0*u = u - 4*u. Suppose u = -15*y + 5*y + 1170. Suppose -g - 402 = -2*j, -2*j = -2*g - 287 - y. What is the units digit of j?
0
Suppose -w = -5*p - 21, -30*w - 8 = -33*w + 4*p. What is the units digit of w/(-30) + (-41393)/(-165)?
1
Let r(q) = 29*q + 145. Let k be r(-5). Suppose 0 = 9*t - 13*t + h + 814, -h + 2 = k. What is the tens digit of t?
0
Let g(c) = 12*c + 4 + 5*c**2 - 20*c - 17*c - 19*c. What is the units digit of g(18)?
2
Let c(l) = -2*l**2 + 26*l - 14. Let m be 32 + 2/((-8)/(-4)). Suppose -m - 2 = -5*d. What is the units digit of c(d)?
0
Let t(r) = -r**3 - 12*r**2 + 12*r - 11. Let y be t(-13). Let q be 12*(-1 + (y - 0)). Let h = q + 24. What is the tens digit of h?
3
Suppose 5*v = -s + 70631, -705*v + s - 42377 = -708*v. What is the ten thousands digit of v?
1
Suppose -59 = -5*d - 34. Suppose 5*y - 342 - 223 = -5*m, -d*m + 101 = y. What is the units digit of y?
6
Let h(g) = -46*g**3 - 5*g**2 - 6*g + 3. Let x be h(-3). Let n = 1762 - x. What is the tens digit of n?
4
Let c(a) = 31*a**2 - 15*a + 484. What is the thousands digit of c(18)?
0
Let u = 106 + -91. Suppose u*x - 21 = 8*x. What is the tens digit of (-76)/x*(7 + -10)?
7
Let k = 983 - -669. What is the units digit of -4 - (k/70)/(1/(-30))?
4
Let c(k) = k**2 - 20*k + 36. Suppose -3*q + 3*s + 51 = 0, 2*s = -q + 4*q - 52. Let z be c(q). Suppose -r - 3*r + 24 = z. What is the units digit of r?
6
Let u = -233 - -118. Let v = u - -115. Suppose 2*x + 3*o - 450 = v, 0 = 5*o + 20. What is the hundreds digit of x?
2
Let q = 118 - 50. Suppose -4*o + 8 = -l - 9*o, o = 5*l + 14. Let v = q - l. What is the tens digit of v?
7
Let r(d) = 9*d**2 - 17*d - 20. Let f be r(5). What is the units digit of (-200)/f + 38/3?
1
Let m be (-14)/(-35)*5*(-1 + 2). Let l(f) = -21 + 5*f - m*f + 61 + f. What is the units digit of l(0)?
0
Let r(l) be the second derivative of -5*l**3/3 + 161*l**2 + 15*l - 3. What is the tens digit of r(9)?
3
Let m = 19327 - 8689. What is the tens digit of m?
3
Let i = -6973 + 7038. What is the tens digit of i?
6
Let c(z) = 7912*z**2 - 103*z + 205. What is the hundreds digit of c(2)?
6
Let x be 0 + (-4)/(-4) + -2 + 3. What is the units digit of ((-4)/4 - -316 - x) + -2?
1
Let y(b) = -594*b + 7156. What is the tens digit of y(-107)?
1
Let j(x) = x**3 - 17*x**2 + 7*x - 26. Let q be j(21). Suppose 2*l = -3*l + q. What is the units digit of l?
7
Let z(u) = 75*u**2 - 69*u - 10. Let a be z(24). Suppose 40*s + 6334 = a. What is the tens digit of s?
8
Let a(s) = s**3 + 8*s**2 + 13*s + 3. Let j be a(-6). Let n(y) = -2 + y - 4*y - 5 + 6. What is the units digit of n(j)?
8
Suppose 317*m - 56*m = 21620196. What is the units digit of m?
6
Let o(m) be the second derivative of -m**4/12 - 13*m**3/3 + 15*m**2/2 - 38*m. What is the units digit of o(-9)?
8
Suppose 2*d - x - 17 = -2*d, 0 = -4*x + 12. What is the tens digit of (-6)/(60/(-635))*(d + 7)?
6
Let w = -413 + 417. Suppose -42*k - 6169 = -w*x - 41*k, -2*x = k - 3083. What is the tens digit of x?
4
Let l = -25022 + 73760. What is the units digit of l?
8
Suppose 2*p + 2 = 3*p. Suppose 554 = 3*w + p*t - t, -2*t = w - 193. Let a = 271 - w. What is the tens digit of a?
8
Let w = 974 + -925. Let l(i) = -i**3 - 3*i**2 - 3*i + 3. Let u be l(-3). Let a = u + w. What is the tens digit of a?
6
Suppose 24*j - 77 = 17*j. What is the units digit of 966/((-8)/40 + j/5)?
3
Suppose 5947 = 5*v - 6363. What is the units digit of v?
2
Suppose 18 + 14 = -8*j. Let o be (-232)/87*(-6)/j. What is the tens digit of (-12)/16*o + 137?
4
Suppose -k = -4 + 1. Let q = 104 - 86. What is the tens digit of k*1 + 2790/q?
5
Let v be (-308)/(-1078) - (5820/(-14) - 0). Let m = v + -299. What is the units digit of m?
7
Let g(s) = -7665*s**2 - 17*s + 16. Let w be g(3). What is the units digit of 36/(-162) - w/36?
7
Suppose -5*z = 25, -2*w + 5*z - 516 + 1683 = 0. Let d(f) = -f**2 - 6*f + 12. Let y be d(-7). Suppose t = -y*a + w, t + 8 = -t. What is the hundreds digit of a?
1
Let z be (-4 - 201)*(-14)/10. Suppose -15*o + 1172 = z. What is the units digit of o?
9
What is the tens digit of 7081 - 43 - 1/((-3)/(-9))?
3
Suppose -7 = 12*n - 43. Suppose 1523 + 647 = 5*c - 5*o, -870 = -2*c + n*o. What is the tens digit of c?
3
Let x = 2323 - -845. What is the tens digit of x?
6
Let j = -2885 + 6114. What is the units digit of j?
9
Let s be (-6 + 3 + 4)/((-2)/106). Let x = s - -57. Suppose 5*d + x*r - 564 = 0, -4*d = -3*d - r - 120. What is the units digit of d?
6
Suppose -5*c + 8820 = 2*h, 23*h - 25*h - 6*c + 8814 = 0. What is the units digit of h?
5
Let p = 1975 - 503. What is the units digit of p?
2
Let v(y) be the third derivative of y**5/60 - 11*y**4/24 - 29*y**3/6 - 15*y**2. Let h be v(12). Let g = 34 - h. What is the tens digit of g?
5
Let b(s) = -2*s + 47. Let j be b(-17). Let v = -77 + j. What is the units digit of -4*(-92)/v + 3?
5
Let p(j) = -j**3 - 6*j**2 - 13*j + 9. Let n = 172 - 176. What is the tens digit of p(n)?
2
Suppose 4*l - 108 = -40. Suppose -j - 11 + l = 0. What is the units digit of (-2 - (-88)/(-5))/(j/(-30))?
8
Let n = -1926 - -4762. What is the thousands digit of n?
2
Suppose 0 = 3*n + 2*f + 361, n + 2*f + 80 + 35 = 0. Let o = n - -571. What is the units digit of o?
8
Let l(b) be the third derivative of b**4/12 + 3*b**2. What is the units digit of l(1)?
2
Let q(c) be the second derivative of 0*c**3 + 5/2*c**4 + 0 + 8*c + c**2. What is the tens digit of q(-3)?
7
Let y(h) be the first derivative of 13*h**3/3 + h**2 - 7*h + 125. What is the units digit of y(2)?
9
Suppose -1530*x + 44256 = -1522*x. What is the units digit of x?
2
Let i(a) = 13*a - 27. Let c be ((-42)/63)/(1/(-12)). Let h be i(c). Suppose 0 = -5*l - g + h, 3*g + 2*g - 70 = -4*l. What is the tens digit of l?
1
Let h(o) = 8*o**3 - 5*o**2 + 9*o - 1426. Let s(f) = 2*f**3 - f**2 + 2*f - 356. Let i(v) = 2*h(v) - 9*s(v). What is the tens digit of i(0)?
5
Let w(h) = 490*h**2 + 89*h - 528. What is the units digit of w(6)?
6
Suppose 8 = -2*a - 3*u, -5*a - 7 = -5*u - 37. Suppose 10 = -a*m - 2. What is the units digit of (-7)/21 + (1 - 98/m)?
7
Suppose -38125 = -18*f + 39707. What is the units digit of f?
4
Suppose 40480 - 14082 = 4*d + 5*c, 0 = 4*c - 24. What is the tens digit of d?
9
Let d be (-4 - 1325)/((-1)/(12/18)). Let q = -322 + d. What is the hundreds digit of q?
5
Suppose 0 = -2*s - s - 4*x, 0 = -5*s - 4*x + 8. Let p = 67 - -76. Let o = s + p. What is the tens digit of o?
4
Let p be -25*(7/1 + -1). What is the tens di